ctor of w and 2.
2
Let d(c) = 3*c**3 - c**2 - 5*c + 6. Let g be d(3). Calculate the highest common factor of g and 14.
7
Let s(a) = 163*a**2 - 2*a + 1. Let k(p) = p**2 + 7*p - 9. Let i be k(-4). Let c = -20 - i. Let z be s(c). What is the greatest common divisor of 18 and z?
18
Let k = -19 + 21. Suppose 5*c + 112 = m, -4*m - k*c + 631 = 95. Calculate the greatest common factor of m and 12.
12
Suppose -3*r + 4*i - 25 = 8, r = 2*i - 11. Let v be (-2 + 1)*r*1. Suppose 5*c - c - 5*n + v = 0, n - 8 = -5*c. Calculate the greatest common divisor of c and 2.
1
Let h be 39/(65/25 - 2). Calculate the greatest common divisor of 13 and h.
13
Let z be (-1)/2*(1 - -1) + 145. Calculate the greatest common factor of z and 27.
9
Suppose 5*r - 13 = 2. Suppose -4*s = 5*q - 90, r*s + 3 = q + 4. Calculate the highest common divisor of q and 42.
14
Suppose -4*u + 4*i = -128, -92 = -3*u + 3*i - i. What is the greatest common divisor of 140 and u?
28
Let c be 8/12*(-21)/(-2). Suppose -5*g = -2*g - 6. Suppose -35 = 2*t + x - 95, 3*x = g*t - 44. Calculate the greatest common divisor of t and c.
7
Let x = -335 + 356. What is the greatest common factor of 21 and x?
21
Let y(s) = 5*s - 20. Let d(o) = -o - 2. Let t be d(-12). Let v be y(t). Calculate the highest common factor of v and 10.
10
Suppose -4*t - 4*z = -8*t + 652, -4*t + 644 = 4*z. Calculate the highest common factor of 1026 and t.
54
Let v = 71 + 106. Let p = 393 - v. Suppose -4*k + p = -0*k. Calculate the highest common divisor of 6 and k.
6
Let d = 162 + -160. Calculate the greatest common factor of d and 14.
2
Let v = -113 + 145. Calculate the highest common divisor of 1344 and v.
32
Let z(q) = -53*q**3 + q**2 - 2*q - 2. Let l be z(-1). Let r = -84 + l. Let u = r + 35. Calculate the greatest common factor of 5 and u.
5
Suppose -3*p + 15 = 0, 42*n = 45*n - 5*p + 16. Calculate the greatest common divisor of n and 75.
3
Let d(q) = -q + 7. Let k be d(4). Suppose k*s - 105 = -0*s. What is the greatest common divisor of 385 and s?
35
Suppose 151*h - 420 = 121*h. Let y be 4/6 - (-8)/6. Suppose y*g = 6*g - 168. What is the greatest common divisor of h and g?
14
Let z be (-741)/(-2)*64/48. What is the greatest common divisor of 26 and z?
26
Suppose 0 = -4*q + 2 + 2. Suppose 19 - 1 = -c. Let x = -17 - c. What is the highest common factor of q and x?
1
Let g(i) = -i + 6. Let j be g(-9). Suppose -b - 2*l + 3 = 0, -3*b = 2*b - l - j. Suppose -b*q + 42 = -2*q. What is the greatest common divisor of 6 and q?
6
Let p(b) = 2*b**3 + 45*b**2 - 25*b - 32. Let m = -51 - -28. Let k be p(m). Suppose 2 + 0 = c. What is the highest common factor of k and c?
2
Suppose 4*o = -5*i + 25, 4*o + 5 = 6*o - 5*i. Suppose -2*b - o*r = b - 52, r - 44 = -3*b. Calculate the highest common factor of b and 112.
14
Let l(h) be the first derivative of h**3/3 - 7*h**2/2 + 14*h + 1. Let y be l(6). Let i be (-100)/15*(-30)/y. What is the greatest common divisor of 5 and i?
5
Suppose -15*q + 135 = -465. Calculate the greatest common factor of 20 and q.
20
Let p(o) = -4*o**3 - 6*o**2 - 9*o - 4. Let y be p(-4). What is the highest common factor of y and 72?
24
Suppose -2*w = 3 - 33. Let r be (27/w + 3)/(6/45). What is the highest common divisor of r and 108?
36
Let n be 3/6 + 65/26. What is the highest common factor of n and 57?
3
Let u be -5*(-2)/35 - (-4016)/56. What is the greatest common factor of u and 936?
72
Let i(r) = 23*r**2 + r + 4. Let n be i(1). What is the highest common divisor of n and 28?
28
Let v(b) = 51*b**2 - 2*b + 1. Let y be v(1). Let q be (48/20)/(4/y). Suppose 31 + 44 = n. Calculate the greatest common factor of q and n.
15
Let p(h) = -2*h - 4. Let r be p(-13). Suppose -w = -4*i + 4*w - r, -w - 4 = 2*i. Let k be (64/10)/(i/(-15)). What is the greatest common divisor of 80 and k?
16
Suppose -5*f + 4*f = -42. Suppose 0 = 4*k - f + 2. Suppose y - 13 = k. What is the greatest common divisor of y and 184?
23
Suppose -3*z + 3*x - 5 = 1, -z - 4*x = -23. Let a be (-10)/(-2) - (-16)/10*735/(-588). What is the highest common divisor of a and z?
3
Let m be 144/12*4/3. Let l = m - 14. Suppose 4*r + 2*x = 126, 0 = l*x + 6. Calculate the greatest common factor of r and 11.
11
Let z be 4883/95 + 6/10. Calculate the greatest common divisor of z and 988.
52
Let k(o) = o**3 - o**2 + o + 2. Let c be k(0). Let t be 2/4 - 23/(-2). Let q be ((-11)/c)/((-2)/t). Calculate the highest common divisor of 22 and q.
11
Let g = 2021 - 1954. What is the greatest common divisor of 536 and g?
67
Suppose 22*i = 27*i - 120. Calculate the highest common factor of 2 and i.
2
Let a = 134 + -123. Suppose -a = -w - 5. Calculate the greatest common divisor of 30 and w.
6
Suppose 35*y = 29*y + 492. What is the greatest common factor of y and 82?
82
Let v = -8344 - -8371. Suppose 2*n - 5*q + q = 90, 4*n - 180 = q. Calculate the highest common factor of v and n.
9
Suppose 0*t = -t + 4. Suppose 3*u - 4*i + 8*i - 11 = 0, 56 = t*u - 5*i. Calculate the highest common factor of 3 and u.
3
Let i be (-4 + 2)/(926/930 - 1). Calculate the greatest common divisor of i and 15.
15
Let h = -725 - -729. What is the highest common divisor of 18 and h?
2
Let s = 21 + -74. Suppose 0 = 5*k + 6*k - 1078. Let h = s + k. Calculate the highest common factor of h and 30.
15
Let t be ((-6)/12)/(2/(-12)). Let w be 0 - (t - (-969)/(-3)). Suppose 81 + 79 = 5*c. Calculate the highest common divisor of w and c.
32
Let n(g) = 0*g**2 - 3*g**2 - 2 - g + 0 - 1 + 4*g**2. Suppose 4*w + 2 - 26 = 5*m, -m = 5*w - 1. Let u be n(m). What is the greatest common factor of 17 and u?
17
Let u = -49 - -35. Let s be (u/(-4))/((-21)/(-42)). What is the greatest common divisor of s and 63?
7
Suppose 3*q - 145 = 2*m, -q + 0*q = -4*m - 65. Let k be (18/8)/(q/300). What is the highest common divisor of 3 and k?
3
Let s(l) = -5*l + 97. Let p be s(18). Calculate the greatest common factor of p and 1.
1
Let l(f) = 29*f**2 + 2*f. Suppose 4*z - 5*j = -13, z + 3*j - 7 = 3*z. Let d be l(z). What is the highest common divisor of d and 28?
28
Let l be 106/3 - 10/(-15). Suppose 3*f = -2*w + 49 - 15, 0 = 2*w + 4*f - l. Suppose 3*z = 2*z + 14. What is the highest common divisor of z and w?
14
Suppose -4*g + 2 = -3*g, -176 = 4*x + 4*g. Let q = x + 47. Calculate the greatest common factor of q and 1.
1
Suppose 5*z - 115 = 2*w, 3*z - 13 = 5*w + 37. What is the greatest common factor of 675 and z?
25
Let v be (-4)/24 + 79/6. Suppose 20 = a + 2*g, 2*a + 0*g = -g + 49. What is the highest common factor of a and v?
13
Let i(y) = -81*y - 167. Let n be i(-3). What is the greatest common divisor of n and 12?
4
Let j(x) = -x**3 + 2*x**2 + 6*x + 2. Let t be j(-4). Suppose 0 = -y - 34 + t. Calculate the highest common divisor of y and 10.
10
Suppose 4*m - 3*l + 8 = -3, -14 = m - 3*l. Calculate the highest common divisor of m and 23.
1
Suppose z + v = 197, z + 3*v - 8*v = 215. Calculate the greatest common factor of z and 50.
50
Suppose -71*r + 73*r - 60 = -x, 0 = 4*r + 5*x - 120. What is the highest common divisor of 110 and r?
10
Suppose d - 4*o = 164, 4*d - 439 = 2*o + 273. Let y be ((-2)/(-3))/(12/d). What is the highest common factor of 70 and y?
10
Let h = -3 + -30. Let q be (h/(-9) - 3)*3. Calculate the greatest common divisor of q and 1.
1
Suppose -6*x + 3452 = 2780. What is the greatest common factor of x and 272?
16
Let h be (5 - 7)*22/(-1). Let p be 11/((6 + -2 - 6)/(-2)). What is the greatest common factor of h and p?
11
Suppose 11*v - 16*v = -425. Calculate the highest common factor of v and 17.
17
Let n = 184 - 54. Calculate the highest common divisor of n and 30.
10
Suppose -19*z - 143 = -599. What is the highest common factor of z and 96?
24
Let h be 3/(-5*(-4)/280). Let g(v) = -v**2 - 4*v + 5. Let f be g(-5). Suppose 4*n = -f*n + 1848. What is the highest common divisor of h and n?
42
Suppose 3*r + 32 = -r. Let k be (-2)/r - 55/(-4). What is the greatest common divisor of 21 and k?
7
Suppose 5*c = -5*a + 215, 18*c - 3*a = 19*c - 39. What is the greatest common divisor of 180 and c?
45
Let n(h) = h**2 - 4*h + 12. Let z be n(0). Calculate the highest common divisor of 24 and z.
12
Suppose 5 = i, -i + 833 = 3*c - 0*i. Suppose 7*d = 4*d + c. Suppose 4*m - d = 5*v, -3*v = m - 6*v - 30. What is the highest common divisor of m and 144?
1